Suppose -h*k + 5*k = 210. What is the tens digit of k?
7
Let p(k) = -k**3 - 13*k**2 + 88*k - 291. What is the units digit of p(-25)?
9
Let n = -12 - -9. Let a be (-1)/(1*n/126). What is the tens digit of 3*a*3/6?
6
Let d(n) = n**3 - 5*n**2 + 3*n - 4. Let t be d(5). Suppose 447 - 1250 = -11*r. Let c = r + t. What is the units digit of c?
4
Suppose 2075*n - 2076*n + 46599 = w, 2*w - 5*n - 93226 = 0. What is the units digit of w?
3
Let m(w) = -w**2 + 18*w + 44. Let v be m(21). Let y(o) = o**2 + 13*o - 23. What is the tens digit of y(v)?
9
Let b = 61 - 61. Suppose 2*t - 7*t - 125 = b. Let j = 5 - t. What is the tens digit of j?
3
Suppose -7852 + 22333 = f. What is the ten thousands digit of f?
1
Let b(f) = -108*f + 101. Let u(a) = -113*a + 101. Let r(d) = 7*b(d) - 6*u(d). What is the units digit of r(-12)?
7
Let j(y) = 42*y**2 + 6*y - 24. Let s(x) = -63*x**2 - 10*x + 36. Let k(h) = 8*j(h) + 5*s(h). What is the hundreds digit of k(4)?
3
Suppose -661*t = 5*a - 662*t - 199529, -199537 = -5*a + 3*t. What is the tens digit of a?
0
Let z = 666 - -1262. What is the thousands digit of z?
1
Suppose -5*b - 3*w - 24 = 0, 0*b - 4*w - 9 = -b. Let u(g) = 3*g**2 + 12*g + 5. Let j be u(b). What is the hundreds digit of (-5 - (-2 + j)) + 1*103?
1
Let a(n) = -12*n**2 - 4*n - 5. Let t be a(-1). Let l(i) = 2*i**2 + 16*i + 92. What is the hundreds digit of l(t)?
2
Let r(d) = -24*d**2 - 1076*d + 8. What is the tens digit of r(-36)?
4
Let m be 7/((-14)/8) + 2. Let o(k) = -13*k**3 - k**2 - 4. Let u be o(m). Let a = u - 33. What is the tens digit of a?
6
Let a(y) = y**3 + 2*y**3 + 3*y - 3*y**2 - 4*y**3 - 10. Let t be a(-5). Let z = t - -46. What is the tens digit of z?
7
Suppose -3742 = 5*z + f, -z + 4*z - 3*f = -2238. Let h = 1236 + z. What is the units digit of h?
8
Suppose 3890207 = 122*v - 843759. What is the ten thousands digit of v?
3
Suppose -5*h + 50 = 5*c, 19 = 5*h - 1. What is the hundreds digit of 240*(312/30 - c)?
0
Let g(f) = 25*f**3 + 5*f - 5. Let n be g(1). Let o(s) = s**3 + 6*s**2 - 6*s + 10. Let p be o(-7). Suppose 299 + n = p*h. What is the hundreds digit of h?
1
Suppose -20438*b = -20426*b - 58740. What is the hundreds digit of b?
8
Let d be (-4 - 94) + 2 + 3. Let c = d + 136. What is the tens digit of c?
4
Let k(n) = 518*n**2 + 10*n - 9. Let x = -209 + 210. What is the hundreds digit of k(x)?
5
Suppose 2*a + a = 4*c - 3952, 2*c - 1994 = -3*a. Suppose -c = -3*n + 866. What is the tens digit of n?
1
Let w be 5/((-20)/(-16)) + -165. Let f(x) = -20*x**2 + 6*x + 7. Let m be f(-2). Let h = m - w. What is the units digit of h?
6
Suppose 30184 + 431978 + 513508 = 86*a. What is the ten thousands digit of a?
1
Let l be (-11)/((-770)/20) + (-117)/(-7). Suppose l*b = -v + 16*b + 56, 56 = v - b. What is the tens digit of v?
5
Suppose -d = -4*d + 3*g + 7731, d = -5*g + 2613. What is the thousands digit of d?
2
Let t = -1097 + 1261. What is the hundreds digit of t?
1
Let q(u) = u**3 + 16*u**2 + 9*u - 14. Let p be q(-15). Let h be (-752)/(-18) - 10/(-45). Let n = p - h. What is the units digit of n?
4
Let o = 65891 - 41181. What is the hundreds digit of o?
7
Let g(l) = 147*l - 9059. What is the tens digit of g(88)?
7
Let k(s) = s + 64*s**2 + 16 - 1 - 6 - 33*s**2 - 30*s**2. Suppose b - 4*b = 18. What is the units digit of k(b)?
9
Let q be (-10)/6*3*-20. What is the hundreds digit of (8040/q)/(4/10)?
2
Suppose 44 = -9*r - 118. Let v be (8/(-6))/(12/r). Suppose -v*w - 738 = -11*w. What is the tens digit of w?
8
What is the hundreds digit of (150066/(-56))/(1/((4 - 4) + -4))?
7
Suppose 5*x + 5*k = 25, 2*x + x + 10 = 2*k. Let y be (187 + x)*(-4 - -5). Suppose -y = -3*h - 25. What is the tens digit of h?
5
Let a(t) = -2*t - 13. Suppose -2 = -p + 3*p - 2*b, -5*p - 21 = 3*b. Let g be a(p). What is the tens digit of (-326)/g - 6/(-14)?
4
Let u = 336 - 333. Suppose 0 = -u*v + y + 1958, -4*y - 12 - 8 = 0. What is the hundreds digit of v?
6
Suppose 14*p = 11*p - 18. Let v(g) = -28*g + 13. Let h be v(p). Suppose 2*b - 5*n = h, 5*b - 463 = -n + 3*n. What is the tens digit of b?
9
Suppose 2*u = -185 - 209. Let a = u + 368. What is the hundreds digit of a?
1
Suppose -5*x + 50 = 2*r, x - 33 = r - 6*r. Suppose -x*z + 1295 = -2857. What is the units digit of z?
9
Let u(n) = 32*n**2 - 105*n + 19. Let b(r) = 15*r**2 - 52*r + 10. Let i(l) = 9*b(l) - 4*u(l). What is the units digit of i(11)?
3
Suppose 6*h - 620 - 17657 = 34949. What is the thousands digit of h?
8
Let o(m) be the first derivative of 3*m**4 - 8*m**3/3 - 7*m**2/2 - 2*m + 211. What is the units digit of o(4)?
0
Suppose -48*m = -58*m + 75760. What is the units digit of m?
6
Let v be (-3 - (-688 + -1)) + 3. Let l = 1217 - v. What is the tens digit of l?
2
Let y be 2/(-11) + 24/11. Suppose 5*r + 80 = r + 5*t, -t + 34 = -y*r. What is the units digit of 15/(r/44)*(-18)/4?
8
Let g = -194 - -1738. Suppose x = g - 1511. What is the tens digit of x?
3
Let r = 2630 - 1747. Let p = -436 + r. What is the hundreds digit of p?
4
Let r(k) = 21*k**2 + 1 + 12*k - 19*k**2 - 27. Suppose -16*p + 90 = -p. What is the tens digit of r(p)?
1
Let u(c) = c**2 + 12*c + 31. Let a be u(-8). What is the tens digit of (1 + 3)*a - (-461 + 0)?
5
Let t(n) = 3*n**2 - 10*n + 57. Let x be t(6). What is the hundreds digit of 4/14 - (-50895)/x?
4
Suppose 625 = -5*t + y, t = -3*t - 4*y - 500. Let f be -56*((-18)/8 - 2). Let s = f + t. What is the units digit of s?
3
What is the tens digit of (82/8 + (-8)/192*-18)*363?
9
Suppose 9*t + 18 = 63. Suppose t*q - 15*q = -90. Suppose 119 = 8*p - q. What is the units digit of p?
6
Let h(q) = -84*q**3 + 22*q**2 + 137*q - 26. What is the thousands digit of h(-6)?
8
Suppose 0 = 5*m - a - 71664, 2*m + 505*a - 28668 = 503*a. What is the units digit of m?
3
Let p(g) = -1244*g - 2670. What is the units digit of p(-14)?
6
Let m(o) = o**3 - 9*o**2 + 10*o - 36. Let i be m(8). Let h(x) = x**2 + 20*x + 8. What is the units digit of h(i)?
8
Let s(q) = 2*q**3 - 19*q**2 + 89*q - 176. What is the tens digit of s(25)?
2
What is the units digit of (-1016904)/(-120) - 1/5?
4
Let w = 317 - 320. What is the units digit of (w - -141)/1 + 2?
0
Let w = 177 - 157. Let d(f) = -f**2 - f. Let t be d(-6). What is the tens digit of t/(-1)*w/8?
7
Suppose 0 = 5*f + 5*x - 8585, -2*f + 4428 - 1000 = 4*x. Let d = f + -210. What is the units digit of d?
0
Let p be 13/6 - (12 - 710/60). Suppose 6756 = 4*t + 4*o, -p*t - o + 2*o + 3366 = 0. What is the tens digit of t?
8
Suppose -775 - 1290 = -s. What is the units digit of ((-2)/14*-12)/(10/s)?
4
Suppose 3*f - 173007 = -3*g - 27237, 2*f = -4*g + 97198. What is the tens digit of f?
8
Suppose -19*d + 20*d = 0. Suppose 4*l = -l + 1435. Suppose 0*h = 4*h - 3*c - l, 4*h + 2*c - 282 = d. What is the tens digit of h?
7
Let f(o) = -388*o + 1021. What is the units digit of f(-22)?
7
Suppose -12*p + 16*p - 20 = 0. Suppose p*v - 80 = 10*v. Let h(f) = -f**3 - 16*f**2 - 9*f - 9. What is the hundreds digit of h(v)?
1
Suppose -g - 20 = -k, 2*g + 56 = 3*k - 0*g. Let p be (k/(-20))/(4/10). Let m(u) = 44*u**2 - u + 1. What is the tens digit of m(p)?
7
Let l = -5530 + 11726. What is the tens digit of l?
9
Let s be (-32)/10*(-15)/3. Suppose 2*m = -2*m + s. What is the units digit of m/(-6)*-13*(-10 - -13)?
6
Let m(r) = r**2 - 14*r + 13. Let g be m(13). Suppose 4*a + 5*i - 1744 = g, -2*a - 2*i - 1285 = -5*a. What is the tens digit of a?
3
What is the tens digit of (-334246)/(-44) + (-1)/2?
9
Suppose 0 = -17*t + 476 + 1207. Let i = t + -44. What is the tens digit of i?
5
Let h be 0 - (-5592)/15 - (-5)/25. Let l = h + 1022. What is the units digit of l?
5
Suppose -17*v + 7 = -10. Let s be v/((-10)/(-310)*2/2). Suppose -s*q + 28*q = -447. What is the tens digit of q?
4
Suppose 179 = -a + 335. Let n(d) = -4*d**2 + d + 2. Let u be n(2). Let q = u + a. What is the units digit of q?
4
Suppose -2*s - 10*d + 37377 = -13*d, -3*d = 3*s - 56028. What is the hundreds digit of s?
6
Suppose 192*u - 7*u = 6062080. What is the tens digit of u?
6
What is the thousands digit of 36310/(-8)*(-152)/190?
3
Let y = 51 + -11. Let c be -6*(y/(-105) - 6/21). Suppose c*i = -3*s + 605, -s + 155 = i + s. What is the tens digit of i?
4
Let v be (-370)/20*(-14 + 2). Suppose v = 2*r - 276. Suppose r + 290 = 3*n - 2*l, -2*n + l + 360 = 0. What is the tens digit o